tors of s?
5
Let c = 4 - -6. List the prime factors of (-60)/(-9)*24/c.
2
Let g = -44 + 61. List the prime factors of g.
17
Let k = 66 + 11. List the prime factors of k.
7, 11
Let x(f) = f + 8. Let b be x(-8). Suppose -o + 10 = -b. Suppose -o - 26 = -3*q. What are the prime factors of q?
2, 3
Let m(s) = -s**3 - s**2 + s. Let i be m(-1). Let c be 10 + ((-1)/1)/i. Suppose -2*x - j = -c - 15, -2*x + 42 = 5*j. What are the prime factors of x?
11
Let o(c) = 18*c**2 - 2*c - 3. What are the prime factors of o(-2)?
73
Let j = -12 - -118. What are the prime factors of j?
2, 53
Let p = -144 + 376. List the prime factors of p.
2, 29
Let p(v) = -v + 11. Let m be p(9). What are the prime factors of m/6 + 208/24?
3
Let f = -18 - -13. Suppose -3*g - 4 = 17. Let z = f - g. List the prime factors of z.
2
Let m = 50 - 34. List the prime factors of m.
2
Let t(z) = z**3 + 5*z**2 + 7*z - 6. Let f(i) = i**3 + 4*i**2 + 6*i - 5. Let n(u) = 5*f(u) - 4*t(u). Let d = 1 + 0. What are the prime factors of n(d)?
2
Let b(l) be the third derivative of -l**4/8 - l**3/2 + 2*l**2. List the prime factors of b(-4).
3
Suppose d - 3 - 4 = 5*s, -15 = -5*d + 5*s. Suppose 2*t + 2*b - 40 = 0, -29 = -d*t - 4*b + 7. List the prime factors of t.
2, 11
Let l = -5 - -5. Suppose -h - 3 = 4*a, a = -2*h - l*a + 15. What are the prime factors of h?
3
Let z = 10 + 4. List the prime factors of z.
2, 7
Let z be (-2)/8 + (-45)/(-20). List the prime factors of 6 + (-2)/4*z.
5
Suppose -5*w = 5*r - 15, 9 = 3*w - 2*r + r. Suppose -15 + 54 = w*o + 3*x, 2*o + 5*x = 35. List the prime factors of o.
2, 5
Let m be (2/4)/(8/(-96)). Let x(z) = z**3 + 6*z**2 - z - 3. What are the prime factors of x(m)?
3
Suppose 0 = i - 0 - 4. Suppose 2*m = n + 19, m - 8 = 2*m - i*n. List the prime factors of m.
2, 3
List the prime factors of (2 - -21)/(8/24).
3, 23
Suppose 4*c = 4 - 0, 5*c = -h + 19. List the prime factors of h.
2, 7
Suppose -n = n + 4*v - 116, 2*n - 4*v - 100 = 0. List the prime factors of n.
2, 3
Suppose 21 = y - 0. List the prime factors of 276/y + 3/(-21).
13
What are the prime factors of (-72)/(-16)*156/9?
2, 3, 13
Suppose 0 = 2*z + 3*z - 5. Let a be 0/(2 - z - 0). Suppose 4*j = -a*j + 24. List the prime factors of j.
2, 3
Let i(g) be the second derivative of g**3/3 + 3*g**2/2 - g. Let y = -5 - -8. What are the prime factors of i(y)?
3
Let z = 0 + 1. Suppose -4*g - z = 19. Let p = 4 - g. What are the prime factors of p?
3
Let v = -186 + 305. List the prime factors of v.
7, 17
Let o(z) = -14*z + 6. List the prime factors of o(-9).
2, 3, 11
Suppose -2*c = -4*a, 8*a - 3*a + 5*c - 30 = 0. Let q(g) = 0*g - 2*g - 4*g + a*g - 7. List the prime factors of q(-6).
17
Suppose -16 = -4*u, 0*u = -3*i - u - 5. What are the prime factors of (-20)/(1 + (i - -1))?
2, 5
Suppose 6*s = 109 + 113. List the prime factors of s.
37
Let z be (-4)/(-10) + (-2)/5. Suppose -2 = -z*n - n - f, -4*n - 5*f + 11 = 0. List the prime factors of (1 + (-15 - -2))/n.
2, 3
Let a(f) = f**3 + 9*f**2 + 6*f + 6. Suppose 2*g - 5*x = -35 - 1, 0 = -3*x + 12. List the prime factors of a(g).
2, 11
Let r(o) = -32*o + 26. What are the prime factors of r(-6)?
2, 109
Suppose -2*f + 26 = -5*o, 3*o - 22 = -5*f + 105. What are the prime factors of f?
23
Suppose -o + 3*o = 10. Let f = 37 + -24. Let m = f - o. What are the prime factors of m?
2
Suppose -4*c + 5*w + 96 + 141 = 0, 3*w - 229 = -4*c. List the prime factors of c.
2, 29
Let p = 63 - 29. Suppose 3*v - p = v. What are the prime factors of v?
17
Let s = -34 + 24. Let j be 0 + s + -5 + 3. List the prime factors of (64/j)/(1/(-3)).
2
Let p(b) = b**2 + 4*b - 7. List the prime factors of p(-8).
5
Suppose -2*f = -5*f + 9. What are the prime factors of f/(-2)*(-310)/15?
31
Let v = -15 - -21. Let h = v - 8. List the prime factors of (-1)/h - (-30)/4.
2
What are the prime factors of (-4)/(-5)*5 + -1?
3
Let t be 1/(-6) + (-124)/(-24). What are the prime factors of (-2)/t - 96/(-15)?
2, 3
Suppose -2*i - 14 = -6. Let b = i - -1. List the prime factors of (2/b)/((-8)/60).
5
Let t(k) = 6*k**2 - 2*k - 8. List the prime factors of t(-4).
2, 3
Suppose -45 = -0*f - 5*f. Suppose f*p + 35 = 14*p. What are the prime factors of p?
7
Suppose -4*p + 219 + 4 = -5*i, 0 = 4*i - 4. What are the prime factors of p?
3, 19
Suppose -v + 4*l = -2, -l + 4*l - 9 = 0. List the prime factors of v/(-49) + (-37)/(-7).
5
Let f = -9 + 1. List the prime factors of 24/8*f/(-6).
2
Suppose 3*k + d - 113 = 3*d, 3*d = -12. What are the prime factors of k?
5, 7
Suppose 3*c - 4*c = 0. Let z(b) = b**3 - 5*b**2 + 5*b + 7. Let t(w) = -w**3 + 4*w**2 - 4*w - 6. Let g(u) = -4*t(u) - 3*z(u). What are the prime factors of g(c)?
3
What are the prime factors of -1*4*(-41)/(-8)*-2?
41
Let u = -4 + 21. Suppose -z = -u - 3. List the prime factors of z.
2, 5
Let j(x) = x**3 - 11*x**2 - 11*x - 14. Let c be j(12). Let s be ((-15)/20)/(c/(-56)). Let f = s - -36. List the prime factors of f.
3, 5
Suppose 3*p = 4*u + 112, -5*p + 0*p = -3*u - 194. What are the prime factors of p?
2, 5
Let z = 7 + -4. Suppose z*t = 4*n - 6*n + 3, 5*t + 20 = 5*n. Suppose -5 + 45 = 4*p - n*b, p = 4*b + 10. What are the prime factors of p?
2, 5
Let t(d) be the third derivative of -d**5/60 - d**4/3 - d**3/6 + d**2. List the prime factors of t(-7).
2, 3
Let k be -9 - (3/3 - 3). Let l be 2/(-2 - 12/k). Let r(b) = -b - 2. What are the prime factors of r(l)?
5
Let g(r) = -r**2 - 8*r + 2. Let t be g(-8). Suppose p = -u - 0*p + 15, -t*p = 4*u - 52. List the prime factors of u.
11
Let z be (-6)/(-5)*(-60)/(-9). Suppose z = -b - 4*t - 2, 4*b + 3*t = 12. List the prime factors of b.
2, 3
Suppose 4*s + q + 1 = -8, 2*s = -q - 5. Let t(r) = r**3 + 2*r + 2*r + 2*r**2 - 6*r - 2. What are the prime factors of t(s)?
2
Suppose 3*b - t = -2*b + 35, -3*t = -4*b + 17. What are the prime factors of b?
2
Suppose 24 = -4*t + 152. List the prime factors of t.
2
Suppose 2*k = -g - 13, -g + 2*g + 5 = 0. Let q be 0 - (-2)/(-4)*k. Suppose -6 = d - q*d. List the prime factors of d.
2, 3
Suppose 0 = -f - f. Let c = f + 5. Suppose c*o - 30 = i, o - i + 30 = 6*o. List the prime factors of o.
2, 3
Let v be (-4)/(-6) - (-32)/6. Let q(i) = 2*i - 9. Let x be q(v). Suppose m + 4 = x*b - 1, 4*b = m + 9. List the prime factors of m.
7
Let d be 10 - 10 - (1 - 5). Suppose -135 = -d*c + 37. List the prime factors of c.
43
Let k(x) = -x**3 - 6*x**2 + 7*x + 6. Let s be k(-7). Suppose -s = -m - 2*o, -2*m - 4*o = m - 14. Suppose m = -3*h + 17. List the prime factors of h.
5
What are the prime factors of (-7 - -27)*78/15?
2, 13
Let o = -147 - -191. What are the prime factors of o?
2, 11
Suppose -b - 1 = -139. List the prime factors of b.
2, 3, 23
Suppose 2*l = -0*s - s, -s - 5*l = 3. Suppose -4*u = -v + 12, s*v = -0*v + u + 38. What are the prime factors of v?
2, 5
Let y(s) = -s**2 - 3*s + 2. Let m be y(-3). Suppose -6*r - 2*p + 82 = -2*r, -m*r = 2*p - 46. Let k = 29 - r. List the prime factors of k.
11
Let l = -2 - -4. Let s be ((-3)/9)/(l/12). Let h(d) = -5*d - 3. What are the prime factors of h(s)?
7
Let y = -20 - -29. List the prime factors of y.
3
Let a = 93 + 207. What are the prime factors of 2/4 - a/(-8)?
2, 19
Suppose -3*c - 32 = -2*c + 3*f, 84 = -3*c + 3*f. Let w = 65 + c. List the prime factors of w.
2, 3
Suppose 5*g - 28 = -b, -7*b + 5*g = -3*b + 13. Let z(u) = u**3 - 2*u**2 + 4*u - 5. List the prime factors of z(b).
2
Let f(p) be the first derivative of -p**4/4 - 4*p**3/3 + p**2 - 3*p + 4. Suppose -2*d + 5 = -5*j, -d = -2*j - 2*j - 7. What are the prime factors of f(d)?
2, 3
Suppose 9*j - 6*j - 204 = 0. List the prime factors of j.
2, 17
Let x be (-186)/8 + 9/(-12). Let f be (14 - -1)*(-8)/x. Suppose 18 = f*o - s + 3*s, -4*o = -4*s - 20. List the prime factors of o.
2
Let n = 14 - -43. List the prime factors of n.
3, 19
Let n(p) = 2*p**2 - 4*p - 1. Let o be n(3). List the prime factors of 2/(-5) + 147/o.
29
Let m = 5 + -5. Suppose m*b + 20 = 2*b. List the prime factors of b.
2, 5
Let z = -68 - -131. List the prime factors of z.
3, 7
Let c(l) be the third derivative of l**6/120 - l**5/12 + l**4/4 - 5*l**2. List the prime factors of c(4).
2
Let x = -46 + 25. What are the prime factors of (-1)/(64/x - -3)?
3, 7
Let s = 6 + -3. Suppose s*o - 5 = 13. What are the prime factors of 255/18 - 1/o?
2, 7
Let n(q) = q**3 + 6*q**2.